culate the greatest common divisor of 388080 and 26411.
539
What is the highest common divisor of 2321653015 and 605?
605
What is the highest common factor of 287754 and 1310076?
1446
Calculate the highest common factor of 1341 and 319903.
149
Calculate the highest common divisor of 35625 and 375459.
57
Calculate the highest common divisor of 9192 and 359765688.
9192
What is the highest common factor of 19513 and 850915?
247
What is the highest common factor of 145024848 and 32?
16
Calculate the highest common factor of 40 and 9017152.
8
Calculate the highest common factor of 364360685 and 24440.
3055
Calculate the highest common divisor of 190007 and 7781.
251
What is the highest common factor of 16119585 and 720?
45
What is the highest common divisor of 21900 and 45807?
3
Calculate the greatest common divisor of 2931362 and 350168.
518
Calculate the greatest common divisor of 63997 and 43.
1
What is the greatest common divisor of 614762729 and 2513?
2513
What is the greatest common divisor of 3033842 and 28?
14
What is the greatest common factor of 94472034 and 3972?
1986
Calculate the greatest common divisor of 17667 and 80886.
39
Calculate the greatest common divisor of 6125 and 698635.
35
Calculate the greatest common divisor of 1403718597 and 3411.
3411
Calculate the highest common divisor of 856965 and 1140.
15
What is the highest common divisor of 816970 and 776160?
770
Calculate the highest common factor of 1812 and 4195686.
906
Calculate the highest common divisor of 6783 and 1810347.
357
What is the highest common factor of 15418284 and 1146?
1146
Calculate the highest common divisor of 1094181 and 530979.
1401
What is the greatest common factor of 703041 and 168783?
1329
Calculate the highest common factor of 3893504 and 39952.
3632
What is the greatest common factor of 63866 and 1762121?
2903
What is the greatest common divisor of 4122 and 137751744?
1374
What is the greatest common divisor of 1326 and 268247811?
663
Calculate the greatest common divisor of 7436 and 3940772.
44
Calculate the highest common divisor of 7211464 and 40.
8
What is the highest common divisor of 25454298 and 6?
6
What is the highest common divisor of 206646 and 10974?
186
Calculate the highest common factor of 49851384 and 60.
12
Calculate the highest common divisor of 2687870 and 9894.
3298
What is the highest common divisor of 100832 and 1091616?
4384
Calculate the highest common divisor of 187357 and 2848877.
1751
What is the greatest common factor of 2784 and 73653?
3
What is the highest common divisor of 142780 and 495?
55
Calculate the greatest common divisor of 25910 and 1880.
10
Calculate the highest common divisor of 3763 and 23279551.
71
What is the greatest common divisor of 7566 and 605917?
13
What is the greatest common divisor of 1224832176 and 8784?
8784
What is the highest common factor of 15047 and 131897?
41
Calculate the greatest common divisor of 25600593 and 3.
3
Calculate the highest common divisor of 19304449 and 465847.
2089
Calculate the greatest common divisor of 249912 and 3.
3
What is the greatest common factor of 123640 and 33590?
10
Calculate the highest common factor of 52705 and 4140835.
635
What is the highest common factor of 1160864 and 224?
32
What is the greatest common divisor of 70720 and 1376050?
130
What is the greatest common factor of 9310 and 694148945?
4655
What is the greatest common factor of 524457 and 17613?
171
What is the greatest common factor of 486 and 2939193?
27
What is the highest common divisor of 15910 and 34177862?
3182
Calculate the greatest common factor of 1224074 and 8.
2
Calculate the greatest common factor of 2884938 and 188634.
894
Calculate the highest common divisor of 187256 and 396341.
263
What is the highest common divisor of 18 and 26340876?
18
Calculate the highest common divisor of 70 and 300646535.
35
What is the highest common divisor of 864996 and 25476?
132
Calculate the greatest common divisor of 715575 and 1200.
75
What is the highest common divisor of 50312 and 75851960?
2648
Calculate the greatest common divisor of 1418383688 and 184.
184
Calculate the greatest common factor of 227411 and 5947.
19
Calculate the greatest common factor of 18144 and 4013604.
756
What is the greatest common divisor of 2536704 and 210658?
734
What is the greatest common factor of 2340 and 13320840?
780
Calculate the greatest common divisor of 27 and 122322645.
9
What is the highest common divisor of 340 and 1818490?
170
What is the greatest common divisor of 3230551569 and 2751?
2751
Calculate the greatest common factor of 28441138 and 76.
38
Calculate the highest common divisor of 117769 and 8467185.
4061
Calculate the highest common factor of 118395 and 199935.
135
Calculate the greatest common divisor of 841134 and 47334.
294
Calculate the highest common divisor of 10872 and 37647.
9
Calculate the greatest common divisor of 8915408 and 32.
16
Calculate the greatest common factor of 802 and 13431094.
802
Calculate the highest common divisor of 58989810 and 22.
22
Calculate the highest common factor of 164 and 26308634.
82
What is the greatest common divisor of 1224 and 10420983?
153
Calculate the highest common factor of 1648 and 16360108.
412
What is the greatest common divisor of 544876518 and 18?
6
Calculate the greatest common factor of 2360662 and 259702.
2918
Calculate the greatest common divisor of 246021 and 291.
3
Calculate the greatest common factor of 1537393 and 24167.
1859
Calculate the greatest common factor of 1293 and 51962653.
431
Calculate the greatest common factor of 76128745 and 400480.
12515
What is the highest common divisor of 444716408 and 2921?
2921
What is the greatest common factor of 20608576 and 16?
16
What is the greatest common divisor of 14020975 and 4100?
1025
Calculate the greatest common factor of 596346 and 18.
6
What is the greatest common divisor of 4522 and 6519394?
266
Calculate the highest common divisor of 19436 and 792921.
113
Calculate the greatest common factor of 1293325 and 123475.
275
Calculate the greatest common factor of 9246999 and 3.
3
What is the highest common divisor of 24134 and 33099?
11
Calculate the highest common divisor of 62 and 11756347.
31
Calculate the highest common divisor of 10 and 377795810.
10
What is the highest common divisor of 700 and 19535825?
25
Calculate the greatest common factor of 26033917 and 637.
91
Calculate the greatest common divisor of 764655 and 5700.
285
Calculate the greatest common factor of 9062914 and 70196.
1526
Calculate the highest common divisor of 25669839 and 2236.
559
What is the greatest common divisor of 52171 and 2696701?
1799
What is the highest common factor of 1236 and 13791597?
309
What is the greatest common divisor of 6156 and 30415732?
76
What is the highest common factor of 94428 and 3077424?
1548
What is the highest common divisor of 1996791585 and 15?
15
Calculate the greatest common divisor of 143 and 54790879.
143
Calculate the greatest common divisor of 882480 and 384.
48
Calculate the highest common divisor of 1575 and 12495350.
175
What is the highest common divisor of 3331954 and 38?
38
Calculate the highest common factor of 92 and 6432663.
23
Calculate the highest common factor of 1997 and 1423247921.
1997
Calculate the highest common divisor of 3199 and 24231511.
457
Calculate the highest common factor of 2494 and 15041314.
2494
Calculate the highest common divisor of 9516899 and 1090.
109
Calculate the greatest common divisor of 40 and 8449060.
20
What is the greatest common factor of 3622184 and 16?
8
What is the highest common divisor of 13826020 and 5740?
820
What is the greatest common divisor of 79 and 162037927?
79
What is the highest common divisor of 25358 and 4010654?
818
Calculate the greatest common factor of 231114655 and 77455.
11065
What is the greatest common divisor of 1752255230 and 10?
10
What is the greatest common divisor of 7351992 and 16362?
5454
What is the greatest common divisor of 1068 and 9163974?
534
Calculate the greatest common factor of 3380 and 24032060.
260
What is the highest common divisor of 18768 and 69736?
184
Calculate the highest common factor of 18 and 2860836606.
18
What is the highest common divisor of 153382222 and 175007?
